d by l.
2
Let y = -71 + 118. Calculate the remainder when 136 is divided by y.
42
Let u(w) = 4*w**2 - 21*w + 81. Calculate the remainder when u(5) is divided by (-48)/3*(1 + -2).
12
Suppose -6*z - 3*d = -z - 436, -4*d = 12. Suppose -2*o - 196 = -4*o + 5*j, -2*j = o - z. Suppose 4*k - o = -5. What is the remainder when k is divided by 5?
2
Suppose -4*b - 5*y + 8*y = -412, 516 = 5*b - 4*y. Calculate the remainder when b is divided by 39.
22
Let g(a) = 51*a - 16. Let h be g(15). Suppose -7*s + 0*s + h = 0. What is the remainder when s is divided by 36?
35
Suppose 9 = 4*s - 3*s. Let d(r) = r**3 + 5*r - 10. Let n be d(4). Let f = n + -68. What is the remainder when s is divided by f?
3
Suppose 30 = 5*m - 5*j, -18 = -4*m - 0*j + j. Calculate the remainder when m/(-6) + (-2247)/(-63) is divided by 18.
17
Let p = -27 + 47. Suppose 3 - 1 = -2*u, -154 = -4*x + 2*u. What is the remainder when x is divided by p?
18
Let d be (-6*(-81)/(-6))/1. Let r = 167 + d. Suppose -6*w = -w - 3*t - 99, r = 4*w + t. What is the remainder when w is divided by 12?
9
Let v(u) = 37*u - 49*u + 3 - 7 - u**2 + 1. Calculate the remainder when 47 is divided by v(-9).
23
Suppose 0 = 2*f + d - 2 - 87, -f - 2*d + 40 = 0. Let p = 24 + -8. Calculate the remainder when f is divided by p.
14
Let q be (-12)/8*(-1)/(3/6). Suppose -5*k - 2 = -4*d, -4*k - 5*d + q*d + 14 = 0. Calculate the remainder when k is divided by 1.
0
Suppose 3*u = 3*f - 108, 4*f - 137 = -107*u + 104*u. Calculate the remainder when 88 is divided by f.
18
Suppose -5*g = -3*g - p + 90, 4*g + 4*p + 180 = 0. Suppose 5*f - 249 = 196. Let t = f + g. Calculate the remainder when t is divided by 15.
14
Let h = -17 + 25. Calculate the remainder when (6/3 - 4) + h is divided by ((-4)/3)/(28/(-42)).
0
Let l = 70 - 46. Suppose l = d - 3. What is the remainder when d is divided by 7?
6
Suppose 0 = 3*k + 4*d - 407, -3*d - 81 = 4*k - 612. What is the remainder when k is divided by 26?
25
Suppose 29*q + 9*q - 1672 = 0. Calculate the remainder when 182 is divided by q.
6
Suppose -2*w = y + 2*w - 76, -5*w - 103 = -y. What is the remainder when y is divided by 19?
12
Let d be (0/(-3*(1 + -2)))/1. Suppose -h - 5*j + 40 = -d*j, 2*h + 3*j - 73 = 0. Calculate the remainder when h is divided by 19.
16
Suppose -5*m = 4*x - 77, 3*x + m = 4*m + 51. What is the remainder when 32 is divided by x?
14
Suppose 2*s + 123 = -35*a + 38*a, -s - 205 = -5*a. What is the remainder when 162 is divided by a?
39
Let z = 13 - -84. Let f = z + -67. What is the remainder when 177 is divided by f?
27
Suppose 0 = -0*f - 3*f. Let u = -2 - -4. Suppose -u*p + 0*p + 14 = f. Calculate the remainder when p is divided by 3.
1
Let w = -519 - -611. What is the remainder when w is divided by 19?
16
Suppose 6 + 2 = 2*j - 2*n, 0 = -4*n. Let w(d) = d**3 - 3*d**2 - 3*d + 2. Calculate the remainder when 9 is divided by w(j).
3
Let a(j) = 7*j**2 + 4. Let r be a(-3). Let n = -59 + r. Let q = 5 + 16. Calculate the remainder when q is divided by n.
5
Suppose 0 = -5*j - j + 18. Suppose 0 = 4*o - 8, 0*g - j*g = 4*o - 38. Let d = -29 + 57. What is the remainder when d is divided by g?
8
Suppose -j + 20 = -5*j. Let h be (-1350)/(-10)*(-8)/j. Calculate the remainder when ((-1)/(-2))/(4/h) is divided by 7.
6
Let f(w) = -w**3 + 11*w**2 - 25*w + 75. Calculate the remainder when 262 is divided by f(9).
10
Suppose -3*b = -17*b + 1512. Calculate the remainder when b is divided by 38.
32
Suppose 0 = 4*t - 3*c - 257, 0 = -4*c + 13 + 7. Let z = t - 49. Calculate the remainder when z is divided by 7.
5
Let s = -6 + 8. Suppose -2*v + 4*v = -s*r - 12, -15 = 3*v. Calculate the remainder when (r - (2 + -3)) + 8 is divided by 5.
3
Suppose -11 = b - 4*t, 5*b - 2*t = -5*t + 37. Let k be 62*5/(-40)*-4. Suppose 4*v - 83 = -k. What is the remainder when v is divided by b?
3
Suppose -5*i + 155*a = 159*a - 468, -4*i + 5*a = -399. What is the remainder when i is divided by 35?
26
Let o = -724 + 875. Calculate the remainder when o is divided by 31.
27
Let b be (7 - 7)/(-1 - -3). Suppose 3*g - 6 = b, -2*x + 4*g + 70 = x. Calculate the remainder when 103 is divided by x.
25
Suppose 4*k = 4*w + 104, -5*k = -2*w - w - 126. Let y = 21 - -24. What is the remainder when y is divided by k?
21
Let c = 36 + -16. Suppose 4*d + 15 = j, -5*d + 3*d = 2*j - c. Calculate the remainder when 20 is divided by j.
9
Calculate the remainder when 24/(-36) - (-209)/3 is divided by 40.
29
Let a(w) = 2*w**2 - 6*w + 6. Let c be a(3). Suppose c*l - 322 = 200. Calculate the remainder when l is divided by 10.
7
Suppose 3*g - 42 = -2*n, 3*n = 9*g - 13*g + 55. What is the remainder when 44 is divided by g?
12
Suppose -4*t = -t. Suppose t = f + 4 - 1. Calculate the remainder when 15 is divided by (5 - f) + -2 + 2.
7
Let g = 34 + -31. Suppose -8*b + g*b = -135. Calculate the remainder when b is divided by 10.
7
Let x(q) = -q - 18. Let b(f) = -3*f - 37. Let w(h) = -2*b(h) + 5*x(h). Let l be w(13). Let z = 7 - l. What is the remainder when 16 is divided by z?
6
Suppose -t - t + p = 19, t + 4*p - 4 = 0. Let o(d) = 5*d - 58. Calculate the remainder when 3*-2*116/t is divided by o(16).
21
Let y(v) = 2*v**2 + 2*v - 1. Let f be y(1). Suppose -5*n = 5*c - 75, 0*n + 5*c = f*n - 29. Calculate the remainder when 38 is divided by n.
12
Suppose -5*v = 4*i - 1947, 0*v = 2*i - v - 963. Calculate the remainder when i is divided by 9.
6
Let m be (8/(-20))/((-1)/10). Suppose 0 = -12*v + m*v + 80. Let q = -18 + 37. Calculate the remainder when q is divided by v.
9
Let n = 6 + -3. Let s(j) = -j**3 + 8*j**2 - 2*j + 19. Let i be s(8). What is the remainder when (-3 + 8)*(i - 24/10) is divided by n?
0
Let l = -57 - -42. Suppose 0*n = 2*n - 38. Calculate the remainder when 1137/15 - (-12)/l is divided by n.
18
Let u(z) = -5*z - 14. Let k be u(-2). Calculate the remainder when 5 is divided by k/28 + (-88)/(-28).
2
Calculate the remainder when -6 - (-39 + 0 - 15/3) is divided by 6.
2
Suppose -409*o - 327 = -410*o. What is the remainder when o is divided by 66?
63
Let n = -312 - -543. Suppose 0*y - 3*y + n = -3*m, -5*m + 3*y - 377 = 0. Let v = -18 - m. Calculate the remainder when v is divided by 14.
13
Let s(j) = 90*j. Let n be s(1). Suppose 3*z - z = n. Let t = z + 4. What is the remainder when t is divided by 17?
15
Suppose 203 = 6*n - 115. Let p = -4 + 7. Let h = p + 11. What is the remainder when n is divided by h?
11
Let h be 1/2*-6*(-8)/6. Suppose 3*w - 176 = h*o - 5*o, 2*w - 3*o = 99. Let s(j) = -j**2 - 9*j - 5. What is the remainder when w is divided by s(-5)?
12
Let i be (-107)/6 - 5/30. Calculate the remainder when 27 is divided by 0 - (-1 + i/2).
7
Let m be ((-1)/2)/(3/(-6)). Let h(n) = 9*n**3 - n + 1. Let r be h(m). Let i = r - 3. What is the remainder when 21 is divided by i?
3
Suppose 7*i = 9*i - 64. Suppose 2*h + 2*h - 258 = -3*j, 0 = 2*h + 3*j - 132. What is the remainder when h is divided by i?
31
Suppose -j + 6 = -6. What is the remainder when 41 is divided by j?
5
Let f(t) = -14*t + 2. Let q be f(1). What is the remainder when -27*((-8)/3 + 2) is divided by 17/3 + (-16)/q?
4
Suppose 28*z - z = 1134. Calculate the remainder when z is divided by 26.
16
Let u(n) = 3*n**2 - 53*n - 20. Let v be u(18). Let d(o) = 9*o**2 - 9*o - 9. What is the remainder when 87 is divided by d(v)?
42
Calculate the remainder when 259 is divided by 60 + 24/(-42) + 39/7.
64
Let t(g) = g**3 + 31*g**2 + 57*g + 28. What is the remainder when 184 is divided by t(-29)?
13
Suppose 0 = -2*p - p. Suppose p = -4*f + 9 + 7. Suppose -f*h + 2*q + 10 = 0, -7*q + 3*q = -3*h. Calculate the remainder when h is divided by 2.
0
What is the remainder when (-5 - -30)/5 + 142 is divided by 37?
36
Let l be 18/15*(-40)/(-12). Suppose 6*a + 64 = l*a. Let q = -18 - a. What is the remainder when q is divided by 4?
2
Let a = -10 - -20. Let h(b) = b - 13. Let l be h(a). Calculate the remainder when 98 is divided by -8*(-7)/2 + l.
23
What is the remainder when (-299)/(-9) - 4/18 is divided by 17 + (18/54)/((-2)/(-6))?
15
Let t(s) = -3*s**2 - 40*s - 22. Let c(i) = -39*i - 1. Suppose -5*x - 22 = o, o + 1 = -4*x - 17. Calculate the remainder when c(o) is divided by t(-12).
25
Suppose -4*p - p + 2*k + 20 = 0, 0 = 5*k. Let y = p + 0. Calculate the remainder when 10 is divided by y.
2
Suppose z + 33 = 53. 